common divisor of 27740622 and 39767?
2093
Calculate the highest common divisor of 503776 and 251524.
364
Calculate the highest common factor of 5824 and 223664.
112
What is the greatest common factor of 28353340 and 1720?
860
Calculate the highest common divisor of 1594519 and 195227.
991
Calculate the greatest common divisor of 17 and 368632879.
17
What is the greatest common divisor of 8070688 and 3488?
32
Calculate the highest common divisor of 1582526727 and 1119.
1119
What is the greatest common factor of 222945 and 2672?
167
Calculate the highest common divisor of 89873597 and 121.
121
What is the highest common divisor of 1581108008 and 8?
8
Calculate the highest common factor of 82795 and 61625.
145
What is the greatest common factor of 13627337 and 49289?
2143
Calculate the greatest common factor of 8204840 and 112.
56
What is the greatest common divisor of 4115 and 314180?
5
What is the greatest common divisor of 3406546 and 142846?
946
What is the greatest common divisor of 224000 and 3431040?
640
Calculate the highest common factor of 18413500 and 560.
140
What is the highest common factor of 15365480 and 14040?
520
What is the greatest common divisor of 191880 and 32308?
164
Calculate the highest common divisor of 14877612 and 54.
18
Calculate the greatest common divisor of 2821490 and 4737258.
4742
Calculate the highest common factor of 108794070 and 15.
15
Calculate the highest common factor of 66 and 1050571698.
66
Calculate the highest common divisor of 137640 and 419136.
888
Calculate the greatest common factor of 199369 and 212798.
1033
Calculate the highest common factor of 10179211 and 236.
59
What is the highest common factor of 309 and 157173?
3
What is the greatest common factor of 173096 and 7306?
562
What is the greatest common divisor of 1751 and 457300?
17
What is the highest common factor of 1825549 and 4422?
737
Calculate the greatest common factor of 31416 and 512743.
77
What is the greatest common divisor of 883995 and 70?
35
What is the highest common factor of 3360192 and 21904?
592
What is the greatest common divisor of 261954 and 1111?
11
Calculate the greatest common divisor of 54766 and 367996.
394
Calculate the greatest common factor of 3948363 and 258.
3
What is the greatest common divisor of 165 and 92641945?
55
What is the highest common divisor of 44150240 and 4960?
160
Calculate the greatest common factor of 46543 and 12856543.
427
Calculate the highest common divisor of 4875 and 12280944.
39
What is the highest common divisor of 253308153 and 42?
21
What is the greatest common divisor of 774 and 4696578?
18
What is the greatest common divisor of 161570 and 33170?
1070
Calculate the highest common factor of 2543506 and 2380.
238
Calculate the greatest common factor of 509067 and 10773.
171
Calculate the greatest common factor of 143 and 759538.
13
Calculate the greatest common factor of 4230 and 44370270.
90
Calculate the highest common divisor of 170839 and 44291004.
3973
What is the highest common factor of 1021229 and 4579619?
2893
What is the highest common factor of 2248 and 50664?
8
Calculate the greatest common divisor of 114293364 and 12.
12
Calculate the greatest common divisor of 34400 and 48934.
86
What is the greatest common divisor of 34 and 27339519?
17
What is the highest common divisor of 178668 and 21504?
84
What is the greatest common divisor of 5016 and 9224766?
114
Calculate the greatest common factor of 8004 and 154338.
174
What is the highest common divisor of 4264 and 735996248?
4264
Calculate the highest common divisor of 57 and 81379489.
19
What is the greatest common divisor of 8658520 and 6968?
104
Calculate the highest common divisor of 90026 and 9.
1
Calculate the greatest common factor of 13861298 and 418.
418
Calculate the highest common factor of 10688 and 7136578.
334
What is the highest common divisor of 4681022 and 2534?
362
What is the greatest common divisor of 151911830 and 20?
10
What is the greatest common factor of 6606875 and 22?
11
What is the greatest common factor of 1281148 and 5324?
484
Calculate the highest common divisor of 12459324 and 6909.
141
What is the greatest common divisor of 25750 and 4144720?
1030
Calculate the highest common divisor of 552 and 1695261.
69
Calculate the highest common divisor of 177191 and 49147.
119
Calculate the highest common divisor of 36552230 and 11180.
130
Calculate the greatest common factor of 183366 and 1830.
366
Calculate the highest common divisor of 639205 and 7595.
245
What is the highest common divisor of 105858324 and 56628?
5148
Calculate the greatest common divisor of 2150 and 169411400.
2150
What is the greatest common divisor of 24186 and 4993278?
174
What is the greatest common divisor of 35799 and 1191?
3
What is the highest common divisor of 188848 and 78303544?
3256
Calculate the greatest common factor of 10282 and 286094.
106
Calculate the greatest common factor of 3385730 and 100.
10
Calculate the highest common factor of 4311536 and 3145.
37
Calculate the highest common factor of 423901850 and 150.
50
What is the highest common factor of 44923320 and 5760?
360
Calculate the highest common factor of 192691 and 8854.
233
What is the greatest common factor of 1169 and 30544133?
167
What is the greatest common factor of 6523245 and 30?
15
Calculate the greatest common factor of 190945968 and 144.
48
Calculate the highest common divisor of 25592983 and 13.
13
Calculate the greatest common divisor of 282549230 and 885.
295
What is the highest common divisor of 29619 and 459171?
9
What is the highest common divisor of 61610464 and 1216?
608
What is the highest common factor of 1540062 and 1846542?
7662
Calculate the highest common factor of 6526546 and 566.
566
What is the highest common divisor of 44882180 and 950?
190
What is the highest common divisor of 470 and 6047584?
94
Calculate the greatest common divisor of 24906 and 137508.
42
Calculate the highest common divisor of 103418 and 222523.
581
What is the highest common factor of 160805 and 24940?
145
Calculate the greatest common factor of 5330 and 1609127.
533
Calculate the highest common divisor of 2788608 and 84.
12
What is the highest common factor of 3756116 and 46132?
2428
Calculate the highest common factor of 21165296 and 128.
16
Calculate the greatest common factor of 127575 and 413343.
5103
Calculate the greatest common factor of 1102 and 1408994.
58
Calculate the highest common divisor of 27757 and 26151833.
677
Calculate the greatest common factor of 1178254 and 2.
2
Calculate the greatest common factor of 10831912 and 1456.
728
Calculate the highest common divisor of 7292170 and 800.
10
Calculate the greatest common divisor of 22457552 and 8.
8
What is the greatest common divisor of 43407 and 924651?
819
What is the highest common factor of 1819293 and 399?
21
Calculate the greatest common divisor of 2109 and 31544313.
2109
Calculate the greatest common divisor of 134 and 278614207.
67
What is the highest common divisor of 204873 and 8319?
141
Calculate the greatest common factor of 9752 and 120575.
53
Calculate the highest common divisor of 6955 and 4334035.
535
Calculate the greatest common divisor of 2392241 and 5317.
409
Calculate the greatest common factor of 187255 and 64685.
85
Calculate the greatest common factor of 3258620 and 29381.
2671
Calculate the highest common factor of 3 and 3893082.
3
Calculate the greatest common divisor of 5335 and 782836560.
5335
Calculate the greatest common factor of 9126984 and 9.
3
Calculate the greatest common factor of 61454237 and 611.
13
What is the greatest common divisor of 2781784262 and 38?
38
What is the highest common factor of 191860850 and 350?
50
What is the highest common divisor of 1680980 and 10780?
140
Calculate the greatest common divisor of 65402 and 291224.
1234
What is the greatest common divisor of 61941000 and 156750?
8250
What is the highest common factor of 1028121809 and 3718?
1859
Calculate the highest common factor of 351638990 and 40.
10
What is the greatest common factor of 442230 and 8010?
30
What is the greatest common factor of 576 and 2622459456?
576
What is the highest common divisor of 238116090 and 1110?
1110
What is the greatest common divisor of 8441